 prime factors of 688282432.
2, 10754413
What are the prime factors of 690887209?
690887209
What are the prime factors of 483645422?
2, 13, 439, 42373
List the prime factors of 17196642.
2, 3, 47, 20327
List the prime factors of 435465992.
2, 13, 23, 307, 593
What are the prime factors of 7777724641?
41, 47, 4036183
List the prime factors of 9880929.
3, 197, 5573
What are the prime factors of 151300?
2, 5, 17, 89
What are the prime factors of 10099130?
2, 5, 523, 1931
What are the prime factors of 144139542?
2, 3, 53, 453269
List the prime factors of 38593368.
2, 3, 11, 37, 439
What are the prime factors of 3485025?
3, 5, 1721
What are the prime factors of 1107264967?
1107264967
What are the prime factors of 237154503?
3, 43, 1838407
List the prime factors of 198071045.
5, 467, 84827
List the prime factors of 1842448583.
131, 229, 61417
What are the prime factors of 3698073979?
31, 71, 1680179
What are the prime factors of 67330446?
2, 3, 41, 59, 4639
What are the prime factors of 26767512?
2, 3, 367, 1013
What are the prime factors of 176437869?
3, 58812623
What are the prime factors of 3028310973?
3, 13967, 24091
What are the prime factors of 49310598?
2, 3, 8218433
List the prime factors of 186078969.
3, 47, 439903
What are the prime factors of 52240714?
2, 26120357
List the prime factors of 132627937.
13, 47, 131, 1657
What are the prime factors of 120998508?
2, 3, 10083209
List the prime factors of 1852158897.
3, 191, 881, 1223
What are the prime factors of 27611758?
2, 71, 337, 577
What are the prime factors of 28149514?
2, 67, 210071
What are the prime factors of 468758747?
19, 24671513
List the prime factors of 26757123.
3, 31, 9281
What are the prime factors of 100553576?
2, 12569197
List the prime factors of 7340819167.
11, 103, 167, 3527
What are the prime factors of 406039006?
2, 19, 149, 71713
What are the prime factors of 68053654?
2, 137, 248371
List the prime factors of 409966230.
2, 3, 5, 19, 719239
List the prime factors of 5777799598.
2, 2659, 1086461
What are the prime factors of 166835129?
443, 376603
List the prime factors of 28572688.
2, 1785793
What are the prime factors of 31489041?
3, 29, 361943
List the prime factors of 238410055.
5, 13, 37, 99131
List the prime factors of 1924848315.
3, 5, 13, 253103
List the prime factors of 806669368.
2, 61, 1653011
What are the prime factors of 208969948?
2, 11, 41, 115837
List the prime factors of 78009164.
2, 19502291
List the prime factors of 2515830113.
2515830113
What are the prime factors of 334569283?
43, 271, 28711
List the prime factors of 45802040.
2, 5, 103, 11117
List the prime factors of 41683548.
2, 3, 47, 73907
What are the prime factors of 10012428?
2, 3, 278123
What are the prime factors of 151520017?
11, 127, 108461
What are the prime factors of 3956769860?
2, 5, 29, 6822017
What are the prime factors of 91893811?
3049, 30139
What are the prime factors of 160858009?
13, 19, 651247
What are the prime factors of 1184957334?
2, 3, 11, 881, 6793
List the prime factors of 468257180.
2, 5, 17, 197, 6991
What are the prime factors of 1312044475?
5, 7, 7497397
List the prime factors of 273705016.
2, 13, 29, 151, 601
What are the prime factors of 28840349?
28840349
List the prime factors of 1021817811.
3, 7, 89, 546719
What are the prime factors of 457180404?
2, 3, 38098367
List the prime factors of 3863094946.
2, 31, 181, 344243
List the prime factors of 1592072823.
3, 11, 397, 121523
List the prime factors of 45570107.
11, 23, 29, 6211
What are the prime factors of 349492893?
3, 47, 2478673
What are the prime factors of 38868414?
2, 3, 13, 19, 26227
List the prime factors of 180234858.
2, 3, 191, 157273
What are the prime factors of 1140123309?
3, 13, 17, 1719643
List the prime factors of 1143211179.
3, 11, 5519, 6277
What are the prime factors of 59513559?
3, 7, 233, 12163
What are the prime factors of 5723723206?
2, 43, 66554921
List the prime factors of 134199135.
3, 5, 7, 23, 18523
List the prime factors of 1970468568.
2, 3, 19, 29, 49669
List the prime factors of 6043328353.
10091, 598883
What are the prime factors of 3174608?
2, 198413
What are the prime factors of 19358980?
2, 5, 67, 14447
What are the prime factors of 1136222650?
2, 5, 47, 483499
What are the prime factors of 1742576509?
13049, 133541
List the prime factors of 2935378063.
71, 1021, 40493
What are the prime factors of 1945609560?
2, 3, 5, 23, 234977
List the prime factors of 120653472.
2, 3, 331, 3797
List the prime factors of 85226466.
2, 3, 13, 37, 29531
What are the prime factors of 7826218?
2, 3913109
List the prime factors of 186105323.
19, 229, 42773
What are the prime factors of 1083836330?
2, 5, 331, 327443
What are the prime factors of 141165017?
7, 47, 277, 1549
What are the prime factors of 10836104?
2, 107, 12659
List the prime factors of 405383348.
2, 491, 206407
What are the prime factors of 4853639493?
3, 539293277
List the prime factors of 65429030.
2, 5, 41, 53, 3011
What are the prime factors of 527681412?
2, 3, 1867, 2617
What are the prime factors of 726490363?
31, 229, 102337
What are the prime factors of 1398379151?
13, 71, 1213, 1249
What are the prime factors of 635529212?
2, 158882303
What are the prime factors of 873405926?
2, 436702963
What are the prime factors of 172408155?
3, 5, 11493877
List the prime factors of 102535278.
2, 3, 17089213
What are the prime factors of 249302245?
5, 49860449
What are the prime factors of 7462156656?
2, 3, 151, 1029547
List the prime factors of 954758251.
571, 1672081
What are the prime factors of 138387263?
7, 1619, 12211
What are the prime factors of 61960015?
5, 13, 37, 25763
What are the prime factors of 78451100?
2, 5, 7, 13, 37, 233
List the prime factors of 99041024.
2, 71, 5449
What are the prime factors of 138953005?
5, 23, 31, 38977
What are the prime factors of 109934672?
2, 67, 102551
List the prime factors of 255236741.
255236741
List the prime factors of 163341748.
2, 71, 487, 1181
What are the prime factors of 2307725643?
3, 79, 9737239
What are the prime factors of 1159027199?
11, 479, 219971
What are the prime factors of 2195794163?
2195794163
List the prime factors of 213328647.
3, 7, 376241
What are the prime factors of 1474819259?
1474819259
List the prime factors of 73555395.
3, 5, 4903693
List the prime factors of 382313038.
2, 23, 59, 140867
List the prime factors of 778882616.
2, 97360327
List the prime factors of 235195925.
5, 181, 51977
What are the prime factors of 17676720?
2, 3, 5, 24551
What are the prime factors of 32867164?
2, 11, 746981
What are the prime factors of 47054176?
2, 13, 113111
List the prime factors of 66768658.
2, 11, 53, 173, 331
What are the prime factors of 516446654?
2, 258223327
What are the prime factors of 6347363803?
11, 577033073
List the prime factors of 45588047.
23, 127, 15607
What are the prime factors of 379963716?
2, 3, 11, 151, 1733
What are the prime factors of 1465999389?
3, 162888821
What are the prime factors of 122336537?
61, 643, 3119
What are the prime factors of 6719115555?
3, 5, 293, 509603
What are the prime factors of 1837159580?
2, 5, 91857979
What are the prime factors of 719585917?
19, 37872943
What are the prime factors of 4796582521?
17, 53, 149, 35729
List the prime factors of 5277497358.
2, 3, 7, 125654699
What are the prime factors of 266960592?
2, 3, 31, 79, 757
List the prime factors of 506688938.
2, 7, 83, 269, 1621
List the prime factors of 152902048.
2, 13, 199, 1847
What are the prime factors of 1421737369?
13, 461, 237233
What are the prime factors of 78228372?
2, 3, 449, 14519
What are the prime factors of 310821048?
2, 3, 4316959
What are the prime factors of 342907913?
12007, 28559
What are the prime factors of 127697954?
2, 63848977
What are the prime factors of 51708111?
3, 7, 13, 189407
What are the prime factors of 4028234621?
4028234621
What are the prime factors of 325648978?
2, 41, 1109, 3581
What are the prime factors of 4423030762?
2, 2211515381
List the prime factors of 267185327.
5563, 48029
List the prime factors of 5387136442.
2, 277, 1223, 7951
List the prime factors of 19852883.
19852883
What are the prime factors of 157218346?
2, 17, 4624069
What are the prime factors of 7291599444?
2, 3, 53, 193, 19801
What are the prime f